r of 15 and v.
15
Suppose o + 0*o = 144. Let g(l) = -l**3 + 4*l**2 + 7*l - 5. Let z be g(5). Let b = 11 + z. Calculate the highest common divisor of o and b.
16
Let x be (2/(-5))/((-8)/240). Calculate the highest common divisor of x and 24.
12
Suppose -3*p + 5*p + 3*u = 13, -5*p + 7 = -u. Suppose -p*g + 4*d = 3*g + 181, 5*d + 112 = -4*g. Let n = 48 + g. What is the highest common divisor of 60 and n?
15
Let v be 1 + -41*(3 + -4). Let i be 3/1 - (0 - 0). Suppose 5*k = -s + 41, 4*s - 8*k + i*k - 64 = 0. Calculate the greatest common divisor of s and v.
21
Let w(i) = -4*i - 3. Let b = 6 - 1. Suppose 0 = -g - 5, -5*u + 0 = -g + b. Let s be w(u). Calculate the highest common divisor of s and 35.
5
Let v(i) = 4*i - 1. Let g be v(2). Suppose 2*q - 7*q = -70. Let z = q - g. Calculate the highest common divisor of z and 7.
7
Suppose -4*t = 3*x - 10 - 1, 4*x + 2*t = 28. Suppose 2*v + 2 = -6. Let u = v + x. Calculate the highest common divisor of u and 5.
5
Suppose 0*j - 8 = -2*j. Suppose j*v - v = 15. Suppose 4*r - 261 = -v*l, 4*l - r - 180 = 3*r. Calculate the highest common divisor of 7 and l.
7
Let m = 17 + 0. Let s be 3/(2 - 195/102). Suppose -4*a + s = -2*a. What is the highest common factor of a and m?
17
Suppose 21 + 47 = 2*o. Suppose -2*g = -30 - o. Let h = 13 + -9. Calculate the highest common divisor of g and h.
4
Let w be 1 + ((-203)/(-14) - (-1)/2). What is the greatest common factor of 32 and w?
16
Let t be 1/1 - 4/(-2). Suppose t*l - 63 = 177. Calculate the highest common factor of l and 10.
10
Suppose 0 = -z + 28 - 5. Calculate the highest common divisor of z and 207.
23
Let v = 7 - 3. Let s = -20 - -36. Calculate the highest common factor of s and v.
4
Suppose -3*w = -0*w - 120. Let f(p) = -4*p + 4. Let h be f(3). Let b be (0 - 0)/1 - h. Calculate the highest common divisor of w and b.
8
Suppose -3 = 3*s - 3*v, -s + 7 = s + v. Suppose 0 = -0*y + s*y. Suppose -2*z + 33 + 75 = y. What is the greatest common divisor of z and 6?
6
Suppose -2*i + 180 = -60. What is the greatest common divisor of 24 and i?
24
Suppose -4*c - r = 2*r - 171, 6 = -2*r. Let t(z) = -z**2 - 16*z - 10. Let f be t(-12). Let m = f - 8. Calculate the greatest common factor of c and m.
15
Suppose -22 - 4 = -4*g - 2*r, -r = 3*g - 20. Calculate the highest common factor of 14 and g.
7
Let p be -27*((-5)/(-6))/(10/(-8)). Let y be (3/2)/((-2)/(-8)). Calculate the greatest common factor of y and p.
6
Suppose -2*g = g - 141. Let y = 68 - g. What is the highest common divisor of y and 42?
21
Let l be 8/((1/(-8))/(-1)). Suppose b + 3*b - l = 0. What is the greatest common factor of 128 and b?
16
Let c = 774 - 481. Suppose -c = -5*d + 207. Calculate the highest common factor of 40 and d.
20
Let w = 3 + 0. Suppose w*v - 32 = v. Calculate the greatest common divisor of v and 24.
8
Let o = -6 + 11. Suppose 2*x - 4*k - 468 = -3*x, -x + 4*k + 84 = 0. Suppose 0 = h - o*h + x. What is the highest common divisor of h and 36?
12
Let l = -35 - -73. Calculate the highest common factor of l and 19.
19
Let a(i) = i**3 - 2*i**2 + 4*i - 2. Let y be a(2). Suppose 5*p - 4*p - 9 = 0. Calculate the greatest common divisor of y and p.
3
Let m be (6 - 6) + (2 - -73). Calculate the highest common factor of 50 and m.
25
Suppose q + 36 = 4*q. Calculate the highest common divisor of q and 60.
12
Let q(c) = -5 - 9*c**2 - c**3 - 3*c + 4*c**2 - 4*c**2 + 0*c**3. Let i be q(-9). What is the greatest common factor of i and 88?
22
Let m be 3/(-18)*-22*3. Let o(d) = -7*d - 9. Let b be o(-6). Calculate the highest common divisor of m and b.
11
Let v(i) = i + 12. Let j be v(-9). Calculate the highest common factor of 2 and j.
1
Let l be 1*(6 + -2) + -2. Let x be ((150*5)/3)/l. Calculate the greatest common divisor of 50 and x.
25
Suppose -2*p - 9 = -5*m, 0*p - 5*m = 2*p - 21. Suppose -2*q + 13 = -3*k, -3*q + 19 = p*k - 8*k. Calculate the greatest common divisor of q and 2.
2
Suppose 3*p + 4*q - 36 = 48, -3*p + q + 69 = 0. What is the highest common factor of 16 and p?
8
Suppose 0 = 3*d - 5 - 7. Let a be (-3)/(-2)*4/3. What is the greatest common factor of d and a?
2
Suppose -64 = -2*l - 16. Let y = 40 - l. What is the highest common factor of 144 and y?
16
Let u be (9/(-6))/((-6)/(-8))*-2. What is the greatest common divisor of u and 1?
1
Let m be 9/3 + -2 + -2. Let c(l) = -89*l**3 - l**2 - l - 1. Let a be c(m). What is the greatest common factor of a and 8?
8
Suppose 5*r + s + s = 40, 4*r + 3*s - 25 = 0. What is the highest common divisor of 10 and r?
10
Let w = -160 - -163. What is the highest common factor of w and 2?
1
Let g = -13 + 7. Let l = -5 + g. Let w = l - -20. Calculate the greatest common factor of w and 3.
3
Let r = 86 - 37. Suppose 0 = -3*j + r - 1. What is the highest common divisor of j and 16?
16
Let r be 43/(-3)*(-6)/2. Suppose 5*x - 342 = r. Let n(v) = -v + 11. Let s be n(0). What is the greatest common factor of x and s?
11
Let d = -18 - -12. Let t(c) = -c**3 - 6*c**2 - 3*c - 8. Let k be t(d). Let m be ((-5)/2)/((-5)/k). What is the greatest common divisor of m and 2?
1
Suppose -5 = -5*u, -3*r - 83*u = -81*u - 41. Let i = 34 - 21. What is the greatest common factor of i and r?
13
Let g = -17 - -71. Calculate the greatest common divisor of g and 6.
6
Let f be (-44)/33*9/(-2). What is the highest common factor of f and 24?
6
Suppose -2*r = -r - 2. Suppose -u + 43 = 2*x - 6*u, r*x + 5*u + 7 = 0. Calculate the highest common divisor of x and 72.
9
Let h = 171 - 111. Suppose 2*i = -o, o - 12 = -o + 2*i. Let c be o/(-6) + 74/3. Calculate the highest common divisor of h and c.
12
Let n be 2/2*(-3 - -8). Let b be (32/20)/(1/n). What is the greatest common divisor of 4 and b?
4
Let o be 100/12 - 4/3. Let f be (-71)/(-3) + o/21. What is the highest common divisor of f and 120?
24
Suppose -4*j + 0*j + 120 = 0. What is the highest common factor of j and 45?
15
Let j = -60 + 92. Calculate the highest common factor of 4 and j.
4
Suppose o - 41 + 28 = 0. What is the highest common factor of 65 and o?
13
Let y(c) = -24*c - 471. Let j be y(-23). Let k(n) = 3*n**3 - n**2 - 4*n - 3. Let q be k(-2). Let t = q + 32. Calculate the greatest common divisor of j and t.
9
Suppose -2*r = 17*r - 171. What is the greatest common divisor of r and 3?
3
Suppose 0 = 3*y + 3*f - 114, -61 = -3*y - 5*f + 61. Suppose -135 - 18 = -3*h. What is the highest common divisor of h and y?
17
Suppose 0*d = -2*v - 4*d + 28, 44 = 5*v - 3*d. Let g be 2/(1 + (-3)/6). Calculate the greatest common factor of v and g.
2
Suppose -4*i + 3*i = -27. Calculate the highest common factor of i and 18.
9
Let n(u) = u - 4. Let r be n(7). Suppose -54 = -q + r*m, 6*q - 2*q - 177 = -m. Let o be (-66)/(-14) + 8/28. What is the greatest common divisor of o and q?
5
Let s(o) = o**3 - 10*o**2 - 11*o + 3. Let y be s(11). Calculate the greatest common factor of y and 6.
3
Let x(y) = -2*y - 9. Let j be x(-8). Let u = j + 2. What is the highest common divisor of 45 and u?
9
Suppose -53*s + 42 = -46*s. Calculate the greatest common factor of s and 10.
2
Let i be -2 - (1 - 2)*-1. Let b(j) = -2*j**3 - 4*j**2 + 2*j + 2. Let o be b(i). Let y = -12 - -19. What is the greatest common factor of y and o?
7
Suppose -2*b - 1 = -9. Suppose -2*v + 54 = -2*c, 5*v + b*c = 2*c + 114. What is the highest common divisor of v and 3?
3
Suppose 9 = -4*r + 21. Suppose 5 = s + 2*x - 4, -5*s = -r*x - 71. Calculate the highest common factor of s and 78.
13
Let z(b) = 2*b**3 + 6*b**2 - 1. Let v be z(-4). Let c = v - -46. What is the greatest common divisor of c and 13?
13
Let t be (-1)/(-6) - 3/18. Let l be 16/4 - (t - 0). Suppose -3*a - 10 - 41 = -3*r, -3*r - l*a = -58. What is the greatest common factor of r and 2?
2
Let a be 3*(-2)/(4/(-2)). Calculate the highest common divisor of 3 and a.
3
Let j = 64 + -51. What is the greatest common divisor of 104 and j?
13
Let r(l) = l**3 + 11*l**2 - l - 15. Let b be r(-11). Let p be 19 + (b/4)/1. Calculate the greatest common divisor of p and 9.
9
Suppose -16 = -q - 47. Let h be q*(0/1 - 1). Calculate the highest common factor of h and 31.
31
Let m(r) = -r**3 + 6*r**2 + 2. Let b be m(6). Suppose 256 = -4*l - 5*p + 833, -b*l + 287 = p. What is the highest common divisor of l and 13?
13
Let v = 27 + -91. Suppose -695 = -13*b + 8*b. Let c = v + b. 